git of 2 - (-3)/(m/(-28))?
9
Let p(s) = -s**3 - 4*s**2 + 10*s + 53. What is the hundreds digit of p(-15)?
3
Suppose 4*l - 14 = 3*m + 76, -4*m = 3*l - 80. Let c = 36 - 27. Suppose c = j - l. What is the tens digit of j?
3
Let s be 0/(-3*8/12). Let v(t) be the third derivative of -t**4/12 + 7*t**3/2 - 2*t**2. What is the units digit of v(s)?
1
Let k be (-4)/(-6) - (-14)/(-21). Suppose k = -5*w + 5*d - 270, -5*d = w - 4*w - 170. Let z = -21 - w. What is the units digit of z?
9
Suppose 0 = -5*a + 17 + 38. Let g = 123 - a. What is the units digit of g?
2
Let j be ((-4)/(-2))/(1/2). Suppose -m - 2*y - 17 = -2*m, 0 = -m - j*y + 41. Let i = -13 + m. What is the units digit of i?
2
Suppose -12 = -4*t + 2*m, -m + 3*m + 6 = -2*t. Let c(a) = a**3 - a**2 + a - 1. Let n be c(t). Suppose 0 = -k - n + 2. What is the units digit of k?
2
Let f = -152 + 300. What is the hundreds digit of f?
1
Suppose -x + 31 = -5*n, -14 = 2*n + n + 4*x. Let f be (n/5)/(7/140). What is the tens digit of (1*(f + -3))/(-1)?
2
Let l = -594 - -2618. Suppose -k = 10*k - l. What is the tens digit of k?
8
Suppose -92*l + 38742 = -26*l. What is the tens digit of l?
8
What is the units digit of (-7144 + -1)/(5/(-2))?
8
Suppose 4*n - 5*b = 421, -3*n - 5*b + 243 = -29. Suppose -8*q + n = -1981. What is the units digit of q?
0
Let w(m) = -m**3 + 5*m**2 - m - 1. Suppose -b - 15 = -5*l + 2*b, -3*b - 15 = 4*l. Let n(k) = -k**2 - k + 4. Let x be n(l). What is the tens digit of w(x)?
1
Suppose -4*j + 1076 + 1265 = u, 580 = j - 5*u. What is the tens digit of j?
8
Suppose 2*b + 4*d + 1796 = 6*b, -2*d = -5*b + 2242. What is the hundreds digit of b?
4
Let s(g) = -g - 9. Let r be s(-6). Let f = 2 - r. Suppose -4*c + 38 = -f*u - 10, -c + 12 = -4*u. What is the tens digit of c?
1
Let l be ((5 + -5)*-1)/(-2). Suppose -d + 5*m + 92 = l, -4*d - 2*m + 473 = -m. What is the tens digit of d?
1
Let y(q) = -5*q**3 - q - 1. Let j be y(-1). Suppose -j = -4*i + 3*k, 5*i + 2 = 3*k + 6. What is the tens digit of 15 - (-3 - (-3 - i))?
1
Let f = 153 - 132. What is the units digit of f?
1
Let b(j) = 2*j**3 + 30*j**2 + 21*j + 7. What is the units digit of b(-12)?
9
Let u = -332 - -582. What is the tens digit of u?
5
Let v(j) = 163*j + 9. What is the units digit of v(7)?
0
Let y = 2528 + -1037. What is the tens digit of y?
9
Let m(y) = 3*y**2 - 10. What is the units digit of m(3)?
7
Let f be 7 - 1 - 4 - -3. Suppose r - i = -f*i, 0 = r + i. Suppose r = -6*o + 5*o + 3*n + 54, -2*n = -5*o + 257. What is the tens digit of o?
5
Let o(u) = -5*u**2 - 2*u**2 + 10*u**2 + 25*u**3 - 1 + 0 - 2*u. What is the hundreds digit of o(2)?
2
Let r(c) = 83*c**2 - 2*c + 1. Let o be r(1). Suppose o = 3*v - 95. Suppose -139 + 24 = -5*d - 5*m, 3*d - v = 2*m. What is the units digit of d?
1
Let b(h) = -h**2 - 2*h - 56. Let q be b(0). Let g = q - -97. What is the units digit of g?
1
Let o = -1031 - -1747. What is the hundreds digit of o?
7
Let n(a) = 39*a**2 - 2*a - 3. Suppose 0 = -3*x - 4 + 1. What is the tens digit of n(x)?
3
Let d(i) = -339*i - 3. Let y be d(-1). Suppose -3*h - 2*v = -v - y, v = -4*h + 449. What is the units digit of h?
3
Suppose -15 - 22 = c + 4*d, 3*d = 0. Let n = c + 40. What is the units digit of n?
3
What is the tens digit of (174/464 - (-9235)/(-8))*-1?
5
Let t be (-80)/6*12/(-8). What is the units digit of ((-315)/t)/((-6)/16)?
2
Let j be (0 + -2)*(-10)/4. Let t(o) be the third derivative of o**5/60 - o**4/8 - o**3/2 - 9*o**2. What is the units digit of t(j)?
7
Let r(v) = 5*v + 41. Let m be r(-7). Suppose -33 - 123 = -m*u. What is the tens digit of u?
2
Suppose -28*y - 530 = -23*y. Let q = 71 - y. What is the tens digit of q?
7
Let g(i) = -2*i - 3 - 2*i + 0*i**2 + i**2. Let w be g(6). Let d(k) = 2*k - 15. What is the units digit of d(w)?
3
Let a(q) = -16 - 8*q + 21*q - 15*q. Let g be a(-11). What is the units digit of 154/g - (-2)/6?
6
Let i(z) = 142*z - 5. Suppose -c = 5*d - 4, 0*d - 3*d + c + 4 = 0. What is the tens digit of i(d)?
3
Let i(h) = 3*h**2 + 7*h + 2. Let g be i(-2). Let w(t) = -t**2 - t + 25. What is the units digit of w(g)?
5
Let z(m) = 6 + 2*m + 3 + 46*m**2 - 6*m**2 - 8. What is the units digit of z(-1)?
9
Suppose 109*o - 6774 = 103*o. What is the thousands digit of o?
1
Let s(z) = 8*z**2 + 9*z + 30. What is the hundreds digit of s(6)?
3
Let n = 42 + 39. Suppose 9*s - 6*s + n = 0. What is the units digit of 3/((-3)/2) - s?
5
Let s(d) = -160*d - 6. Let c be s(-2). Suppose -4*l + c - 90 = 0. What is the tens digit of l?
5
Suppose 924 = 3*g + 3*d, 5*d + 0*d - 604 = -2*g. What is the units digit of g?
2
Suppose -2807 = -45*w + 25183. What is the tens digit of w?
2
Let q = 12 - 14. What is the tens digit of (q/(-6)*-4)/(15/(-990))?
8
Suppose -o - o = 6. Let i be (12/(-8))/(o/8). What is the tens digit of (-770)/(-28)*i/5?
2
Let k be ((-8)/6)/(2/(-3)). Suppose 0 = -2*y - k*f + 222, -y + 5 = 3*f - 110. Let a = -54 + y. What is the tens digit of a?
5
Let b = 3373 + -1044. What is the thousands digit of b?
2
Let l(f) = 2*f**2 - 2*f + 32. What is the units digit of l(0)?
2
Let x(i) = 965*i**2 + 2. What is the units digit of x(1)?
7
Suppose -2*x + 1714 = 5*u - 170, 0 = x - 4*u - 955. What is the tens digit of x?
4
Suppose 2*r = 3*w - 7, -4*r = w - 0*r - 7. Suppose 3*z - 232 = -2*f, w*f - f = 4*z - 286. What is the tens digit of z?
7
Suppose 19 = 4*y + 111. What is the tens digit of -2*(-1 + y/2)?
2
Let o = -593 + 1808. Suppose 5*q = -6*a + 5*a + o, -q - a = -243. What is the units digit of q?
3
Let i be 2/(-7) + (-60)/(-14). Suppose 6*t - i*c - 449 = t, -2*t + 174 = 4*c. What is the tens digit of t?
8
Let k be 1 + -2 - (7 + -13). Suppose k*q - 260 = -0*q. What is the tens digit of q?
5
Let n(w) = w**3 + w + 18. Let o be n(0). What is the units digit of (o/(-10))/(3/(-15))?
9
Suppose -b + 6*b = 460. Suppose -7*u = -559 - b. What is the tens digit of u?
9
Let x be (-11)/(-3) - 11/(-33). Let n = x + -8. Let g = n - -22. What is the units digit of g?
8
Let q = -993 + 2109. What is the units digit of q?
6
Let k = -4 - 1. Let m(p) = -p**3 - 6*p**2 - 7*p - 5. Let y be m(k). Suppose -y*c + 4*c = -41. What is the tens digit of c?
4
Let o be -141*((-1 - -1) + -1). Suppose 3*j + 3 = 15. Suppose x - 112 = -3*u, 0 = 3*u + j*x - o + 44. What is the tens digit of u?
3
Let v(a) = 6*a**3 + 3*a**2 - 3*a + 2. Let z(d) = d**2 - d + 1. Let o(l) = -v(l) + 3*z(l). Suppose 3 - 5 = u. What is the units digit of o(u)?
9
Suppose -26 = 4*q - 4*v + 162, q + 5*v = -17. Let z be 2/((-8)/4) + q. What is the units digit of (-1)/1*z - 2?
1
Suppose 5*o - 2*q = 10419, 5*o - 5*q - 10431 = -7*q. What is the hundreds digit of o?
0
Let l = 9 + -9. Suppose 18*h - 7*h - 308 = l. What is the units digit of h?
8
Let o(l) be the third derivative of l**7/840 - l**6/72 + l**5/20 - l**4/4 + 10*l**2. Let u(w) be the second derivative of o(w). What is the tens digit of u(6)?
5
Let o(d) = d**2 - d - 116. What is the thousands digit of o(-40)?
1
Suppose 0 = 2*d - 4 - 0. Let o(j) = 0 + 0 + 4 + j**d - 5. What is the tens digit of o(-5)?
2
What is the units digit of (2316/10)/((-7)/(-140))?
2
Suppose 4*r + 83 = -z, -2*r - 4*z = -0*z + 52. Let s be ((-52)/16)/(2/(-32)). Let n = s + r. What is the tens digit of n?
3
Suppose g - 886 = -g. Suppose 3*s + 92 = z, 4*z + 3*s - g = -0*z. Suppose 0 = 4*o + 4*u + 11 - z, 0 = -2*o - 4*u + 56. What is the tens digit of o?
2
Let z(a) = -18*a + 4. Let d be (2*(-27)/(-12))/(12/(-16)). What is the units digit of z(d)?
2
Let h(a) = -5*a + 7. Suppose n - 23 = 5*m, 4*m + 4*n = -7 + 3. What is the units digit of h(m)?
7
Let c be 2/14 - 132/42. Let z = c - 4. Let i = 0 - z. What is the units digit of i?
7
Let g(b) = -154*b + 13. Let j be g(-2). Suppose -4*k + 2*k - 6 = 0, -5*q + j = -2*k. What is the units digit of q?
3
Suppose 8 = 3*y - 7. Suppose y*c - 25 = 0, -3*v + c - 32 = -246. What is the tens digit of v?
7
Suppose 0 = -2*u - 5*y + 392 + 689, -2*y + 1084 = 2*u. What is the units digit of u?
3
Suppose -l + 36 + 91 = 0. Suppose -2*r + 0*r = 5*w - l, w = -5*r + 283. Suppose -2*s - 2*d = -32 - 2, r = 3*s + 2*d. What is the units digit of s?
2
Suppose -b - y + 7 = 3*b, 0 = 3*b - 4*y - 29. Suppose 1 = -b*f + 4*f - z, -4*z = -f - 2. What is the units digit of f?
2
Suppose -10399 + 917 = -22*p. What is the hundreds digit of p?
4
Let l(a) 